-3 - (2 + -8))
-5
What is the value of (-8 - (5 + -12)) + 1 + -1?
-1
What is 15 - (17 - (9 - 5))?
2
Calculate (-30 - -41) + (-19 - -1).
-7
Evaluate -1 + 1 + -7 + 3.
-4
Calculate -1 - (2 + -5) - (-1 - 0).
3
-6 + -4 + (-3 - -10)
-3
3 - 2 - -3 - (-4 - -6)
2
What is (2 - 5) + -4 - -7?
0
What is the value of -2 + 12 + (-118 - -106)?
-2
Evaluate (3 - 4 - -10) + -5 - 2.
2
1 + -2 + -9 - -13
3
What is the value of -1 - -9 - 3 - (13 + -4)?
-4
What is the value of -5 - (4 + -3 + 3 + -14)?
5
What is (9 - 2) + -4 - (0 + -2)?
5
-7 - (-6 - 6 - -10)
-5
3 + -3 - 3 - -1 - 2
-4
Calculate 4 + 6 + -12 - (4 + 0).
-6
What is -1 + 5 + (10 + -20 - -5)?
-1
Evaluate 3 + 1 + -6 + -2 + 1.
-3
What is 9 - (-8 + 8 + 6)?
3
Evaluate -4 - (5 + (-4 - 1) + -13).
9
Evaluate 11 - (10 - (3 - -2)).
6
4 - (-2 + 1 + (2 - 3))
6
Calculate 4 - ((9 - 4) + 0 + -3).
2
What is (28 - 32) + (-1 - -1) + 10?
6
Evaluate -50 - -53 - (-2 + (-1 - -1)).
5
What is -7 - -3 - (-12 + 6)?
2
What is the value of -5 - (12 + -9) - -9?
1
Evaluate -78 + 82 - (9 - 2 - 1).
-2
Evaluate 4 - ((5 - 9) + 3).
5
-7 + (15 - 12) - -10
6
Evaluate 3 - (-5 - (-6 + -1)).
1
What is -5 + (1 - (-6 - (-12 - -5)))?
-5
5 - (-13 - -20) - (1 + 1)
-4
(-2 - (-10 - -5)) + (2 - 2)
3
Calculate 3 + (0 - 3 - (-1 - 1)).
2
What is -7 - (-6 + 0) - -6?
5
What is 9 + -2 + (7 - (5 - 0))?
9
(6 - 1) + (-4 - -1) - 4
-2
Calculate -2 - -2 - (14 - 8 - 7).
1
Evaluate -1 - -2 - 1 - (35 - 37).
2
What is the value of 3 + (5 - 15) + 11?
4
2 + (2 - 3) + -3
-2
Evaluate (-1 - -4 - 5) + 0 - 1.
-3
-2 + (-1 - (-4 - -1))
0
Calculate (5 - -1) + 1 - (8 + -8).
7
What is -7 + (3 - (-2 - -1))?
-3
Calculate (-6 - (-10 + (1 - 0))) + -3.
0
Evaluate 8 - (-3 + -3 + 8 + -1).
7
Calculate -5 + 2 + 2 - 2.
-3
What is 29 + -34 - (-6 - 1 - -1)?
1
Evaluate (2 - 7) + 7 + -10 + 2.
-6
Calculate 2 - (9 + (-3 - -3 - 3)).
-4
8 - (2 - (3 - (4 + 0)))
5
(6 - (3 - -7)) + 9
5
What is the value of -10 + 19 - (5 + -1)?
5
6 - ((3 - 3) + 3)
3
What is -29 + 29 + -7 + 2?
-5
Evaluate (-8 - -1) + 23 + -25.
-9
10 + (2 - 6) + -9
-3
What is 3 - (3 - (2 + 4 + -4))?
2
Evaluate 0 + -2 + (5 - (5 + -2)).
0
What is (-21 - -22) + -3 + -1 + -5?
-8
What is the value of -2 + -3 + 2 + 4?
1
Calculate -1 - (7 + (-20 + 6 - 4)).
10
What is the value of 1 - 4 - (1 + -1 - 3)?
0
Evaluate -1 - ((4 - -1) + -12).
6
What is 5 - (11 - 0 - 1)?
-5
Evaluate (4 - (-6 - -9 - 2)) + 0.
3
What is 0 + -4 + 6 + 1?
3
Calculate 3 + 0 + -6 + -4.
-7
Calculate (-2 - -8) + -11 - -1.
-4
Calculate -6 + (-4 - -13 - 0) + -7.
-4
Evaluate (8 - 1) + (-1 - 2).
4
Calculate 5 + (0 - 3) + (-29 - -29).
2
What is (-2 - 0) + (20 - 25)?
-7
Calculate 2 + -4 - 4 - 2.
-8
Evaluate 4 + -4 + 1 - (14 - 12).
-1
(2 + -6 - (1 - 5)) + 2
2
What is the value of 3 + (1 - (5 + -1))?
0
What is the value of (-7 - -3) + 13 + 6 + -20?
-5
What is 84 + -80 + (2 - -1)?
7
Evaluate (5 - 4) + 2 - (3 - 4).
4
What is the value of -5 - (-3 + (-2 - (-6 + 4)))?
-2
What is the value of -3 + 4 - -4 - (-8 - -11)?
2
What is the value of -2 + -4 - -4 - -5 - 5?
-2
What is the value of (-9 - -14 - 4) + -2 + 1?
0
What is the value of -1 - -1 - (1 + -2 - 4)?
5
Evaluate -1 + -20 + 27 + -2 + 7.
11
Evaluate 0 - 7 - (-114 + 98).
9
What is the value of 7 + (-10 + -1 - (-22 + 19))?
-1
What is the value of 3 + 2 + 3 - 3?
5
What is 4 + 2 + -4 + 3?
5
What is -3 + (-1 - -6 - 2)?
0
Calculate -4 - (1 + -2 - 0).
-3
Evaluate -5 + 3 + (2 - 1) + -1.
-2
What is (-1 - -6) + 5 + -8 + -1?
1
Evaluate -2 + (-1 - -1) - (10 + -11).
-1
Calculate 9 - 15 - ((-6 - -2) + 1).
-3
0 + -6 + -3 + 3 + 6
0
Calculate -3 + 15 - (-4 - (-4 - 6)).
6
Evaluate -1 + (-2 - (-6 + 4)).
-1
What is (8 - -4 - 6) + -5?
1
Evaluate -5 + (-3 + -2 - -9) - 9.
-10
What is the value of 11 + -24 + 26 + -15?
-2
0 + -8 - (-2 + -4 + 1)
-3
Calculate (4 - 2) + -8 - (6 - 8).
-4
5 + -2 + -1 + 0 + 5
7
What is the value of 3 - (1 - (-3 + 1))?
0
What is the value of (-7 - -7) + (5 - (2 - 0))?
3
Calculate 4 - (3 + (5 - 8)).
4
Evaluate (-7 - -1) + 4 - -5 - 0.
3
Calculate 1 + (3 + 3 - 7).
0
Calculate 10 - 10 - (-7 - (2 - 1)).
8
Evaluate 2 + (-2 - 4) - -5.
1
Evaluate 3 - -1 - (-2 - (3 - 4)).
5
Evaluate -12 - -4 - (19 + -20).
-7
What is 2 - (3 + 3 + 9 + -11)?
-2
What is the value of 2 - (0 + (7 - (7 + -3)))?
-1
-60 + 53 + (-2 - -9)
0
What is the value of (2 - -2 - 2) + -4?
-2
What is the value of (-1 - -3) + 0 + 4 + -2?
4
What is -5 - (4 + 4 + -10 - -2)?
-5
Evaluate 6 - (-2 - (2 - 9)).
1
5 + -9 + 5 - (1 + -1)
1
Calculate 5 + -6 + (-3 - -3) + 4.
3
Evaluate (3 - 4 - 0) + 10 + -9.
0
Calculate (-5 - -2) + 19 + -12.
4
What is 2 - 1 - (-25 - -25)?
1
Evaluate 1 - 6 - (17 - 24).
2
Calculate -5 + 1 + (0 + -4 - -4).
-4
(2 - (-5 + 11)) + 8 - 5
-1
Calculate -3 + -3 + 3 - (-3 - 0).
0
0 - ((9 - 9) + -1 + 2)
-1
Calculate 3 - 0 - (3 + (1 - 2)).
1
What is -1 + (-1 + -2 - (-16 + 6))?
6
Calculate -2 + (-2 - -3) + (1 - 0).
0
What is 11 + -4 + -5 - 8?
-6
What is the value of 1 + 2 + 1 - 11?
-7
Calculate 12 + -7 + (-4 - 2).
-1
What is -3 + -7 + 3 + (2 - 0)?
-5
What is the value of -23 - -34 - (10 + 3)?
-2
Evaluate -5 + (-24 - -23 - (0 + 3)).
-9
-9 + (10 - 1) + -5
-5
-1 - -4 - 6 - (-2 + -1)
0
What is -1 - (-7 + -1 + 8)?
-1
0 + 0 + 24 + -28
-4
Evaluate 25 - 34 - (-8 + -1).
0
Evaluate 4 + -2 + 1 - (0 + 5).
-2
What is the value of -2 + (-5 - ((-2 - 4) + 3))?
-4
Evaluate 2 + 2 - (1 + 5 + -5).
3
Calculate 2 + (-4 - 1 - -1).
-2
Calculate 7 + -9 + 11 + -11.
-2
(-2 - 2) + (-3 - -2)
-5
(9 - (11 - 1)) + 3
2
What is the value of 2 + (0 - (1 + (-2 - 0)))?
3
2 + 7 - (-8 - (9 + -21))
5
-11 + -9 + (22 - 1)
1
What is (2 - 11) + (-3 - -6)?
-6
What is the value of 18 - (20 + -7 + -2)?
7
What is the value of -7 + 3 + 7 + -3 - -6?
6
Evaluate 2 + -6 + (-12 + 6 - -13).
3
0 - ((0 - 3 - 0) + 8)
-5
Calculate 4 + (1 - 4 - 0).
1
What is the value of 5 + -8 + 3 + 8 + -1?
7
-61 + 59 + 4 + 2
4
Calculate (6 - 13) + 6 - -6.
5
(0 - -1) + 1 - (7 + -3)
-2
What is 3 - 2 - (3 + (6 - 6))?
-2
What is the value of 5 - (0 - -4 - 3)?
4
What is the value of -5 - 2 - (9 + -3 - 8)?
-5
What is (-9 - (-2 - 0)) + 6?
-1
Evaluate -11 + 12 - (-2 - (-4 + 0)).
-1
Calculate -15 - (-12 + 13 + -10).
-6
Evaluate (6 - (-7 + 19)) + -1 + -1.
-8
What is the value of (-1 + -3 - (-2 + 4)) + 2?
-4
What is -2 + 2 + 2 - (-29 + 30)?
1
Calculate -4 + (11 - 4) + -2.
1
Evaluate 0 - ((-1 - -3) + -4).
2
(0 - (6 - 2)) + (7 - 7)
-4
Evaluate 0 - (6 - (-4 - -8)).
-2
Evaluate 12 + -18 - (0 + -1) - 0.
-5
Calculate -13 + (9 - (-19 - -12)).
3
Calculate -1 + (2 - (2 + 2)).
-3
3 - (1 + (-4 - (1 + -3)))
4
What is (1 - 1 - 0) + -33 + 37?
4
What is the value of 1 - (-6 - 0 - -7)?
0
What is the value of -2 + 3 + -11 - (-4 + 0)?
-6
What is 9 + -7 + -8 + 1?
-5
Calculate 1 + (1 + -5 - (-2 - 2)).
1
What is (1 - -9 - 10) + -4?
-4
What is (24 + -24 - (1 - 6)) + -8?
-3
Evaluate 0 + 2 + -3 - -3.
2
Calculate -3 + 4 + -2 - -4.
3
Calculate (-3 - (3 - 9) - 7) + 3.
-1
Calculate -22 + 14 - (0 - 3).
-5
What is 3 + -1 + -1 + 2?
3
What is the value of 4 + (2 + 0 - 9)?
-3
What is the value of -10 + (5 - 5) - -9?
-1
Evaluate -3 + 17 + 19 + -40.
-7
Evaluate -1 - (-1 + 2 + -6 - -6).
-2
Calculate -8 + -5 + 6 - -4.
-3
0 - (5 + -13) - (2 + 1)
5
Calculate 5 - 5 - (2 - 0 - 1).
-1
Evaluate (2 - 1) + 1 - 6 - -6.
2
Evaluate -4 - (1 - 4 - -4).
-5
-7 + (4 - 2) + 5 - -2
2
What is the value of -14 + (-13 - -38) - 13?
-2
What is the value of 21 + -1 + -12 - 6?
2
Calculate (1 - 2) + -8 + 8 + 0.
-1
(6 - (1 + -1)) + (38 - 37)
7
What is the value of 14 - 33 - -13 - (-3 + 0)?
-3
What is the value of 4 - 0 - (-58 - -55)?
7
What is (9 - (6 - -7)) + 6?
2
What is 2 + -1 + -2 + 1 + -1?
-1
What is -3 - (-10 - 0) - (6 - 2)?
3
What is the value of -7 + 3 + -2 - (42 + -41)?
-7
What is the value of 5 - (-4 - (-2 - 3 - -1))?
5
Evaluate 26 + -35 + (2 - 1).
-8
Calculate 0 - (-2 + (-5 - -3)).
4
What is 3 + (-5 - -3) + (-6 - -3)?
-2
Evaluate -1 - -4 - (0 - -3).
0
Evaluate 4 + 1 - (-20 - -23).
2
What is 2 + -6 + (5 - 3) + -1?
-3
What is the value of -13 + 20 + -2 + -10?
-5
-4 + (-3 - -3) + (5 - -3)
4
Evaluate 3 - (5 - (4 + -3)).
-1
Evaluate 0 + -7 + (6 - -6).
5
What is (4 + -4 - 6) + (-3 - -14)?
5
2 - (1 - (-1 + -2))
-2
Evaluate -9 + 15 + -7 + (1 - -2).
2
4 + -9 + -1 + 2 - -1
-3
What is (-43 - -43) + (1 - (1 + -5))?
5
Calculate (11 - 3) + (-14 - -8).
2
2 + (0 - 2) + -5
-5
What is the value of 1 + -2 + (-4 - 0) + 1?
-4
Calc